sor of f and r?
28
Let r be (-4)/2 + (-22 - 0). Let j = 9 - r. Calculate the highest common divisor of 22 and j.
11
Suppose 3*i = 4*b + 36, 0 = i - 3*i + 2*b + 24. Suppose 2*h - 5*f - 16 = -0, 0 = -h + 2*f + 7. Calculate the greatest common factor of h and i.
3
Let g be (-2)/6 + 460/30. Calculate the highest common factor of 6 and g.
3
Suppose 14*l = 9*l + 270. What is the highest common divisor of 486 and l?
54
Let t be -2 + 9 - (1 + 1). Suppose -t*k = -37 - 8. Calculate the greatest common divisor of k and 45.
9
Suppose u + 96 = 5*u. Calculate the highest common divisor of u and 192.
24
Suppose 4*t - 18 = 18. Let k = 13 - t. Calculate the highest common divisor of 32 and k.
4
Let k(w) = -w**2 - 11*w + 11. Let j be k(-9). Let l = -20 + j. Calculate the greatest common factor of l and 6.
3
Let h(l) = -l**3 + 2*l**2 + l. Let z = -7 + 9. Let p be h(z). Suppose p = -c + 15. Calculate the highest common divisor of 52 and c.
13
Let q(b) = -b**2 - b + 3. Let r be q(0). Suppose 0 = r*j + 2*j - 325. Suppose -2*n + 3*n - 13 = 0. What is the highest common factor of n and j?
13
Let o be 66 + 44/(-33) + 2/6. What is the highest common divisor of o and 5?
5
Let n = -16 + 24. Let x be 6/(-8) - 10/n. Let i be (4/(-6))/(x/105). Calculate the highest common factor of i and 5.
5
Let r = 4 - 0. Suppose -3*z = 4*p + 1335 - 3492, 4*z = r*p - 2164. Suppose 4*d - p = d. What is the greatest common divisor of 18 and d?
18
Suppose 6*k = 61 + 125. What is the greatest common divisor of 31 and k?
31
Let j be 16/6*(-15)/(-10). Suppose 8 = 2*v - j. Let d be (v/(-4))/((-6)/40). What is the greatest common divisor of 2 and d?
2
Let z = -61 - -91. What is the greatest common factor of 5 and z?
5
Let z be (0 - 36/(-10))*10. Suppose -2*g - 62 = -3*g. Suppose 5*l = -j + 22, -2*l = -5*j - 3*l + g. What is the greatest common factor of z and j?
12
Suppose 3*o = 5*o - 84. Let x be 1016/36 + 4/(-18). Calculate the greatest common divisor of x and o.
14
Let k be (4/(-6))/(1/(-3)). Let v(y) = -y**2 - 4*y - 1. Let c be v(-3). Let p = c - -2. What is the highest common factor of k and p?
2
Let s be (0 - 4)*(-2)/4. Suppose -s*u - 3*u = -80. What is the greatest common factor of u and 32?
16
Let q be 4/(-6) + 14/3. Suppose 5*t + 15 = -5*f, -4*f - t - q = t. Let k be 2 + (-1 - -3) + 1. What is the greatest common divisor of f and k?
1
Suppose j = -2*j + 4*n + 79, 4*j + 3*n = 147. What is the greatest common divisor of 33 and j?
33
Let m(q) = q**3 + 9*q**2 + 16*q + 19. Let z be m(-7). What is the greatest common divisor of 10 and z?
5
Let v = -12 - -27. Let x be (4/(8/10))/1. Calculate the greatest common divisor of x and v.
5
Suppose 0*t + t - 3 = v, -3*t + 4 = 2*v. Suppose 0 = -t*h - 3*h + 275. Suppose -47 = -2*s + h. Calculate the highest common divisor of 34 and s.
17
Let p(n) = -n + 1 - 3*n - 5 + 2. Let t be p(-2). Calculate the highest common factor of t and 18.
6
Let n = 1 + 0. Let s be 33 + 0 + 1/(-1). Suppose -4 = -3*g + 3*d + s, 31 = 3*g - 2*d. Calculate the greatest common factor of n and g.
1
Let p(b) be the third derivative of b**5/60 + 5*b**4/24 - 4*b**3/3 + b**2. Let c be p(-7). What is the highest common factor of c and 66?
6
Let k be (-3)/12 - (-25)/4. Suppose q = -4*q - 2*c + 16, 0 = q + 5*c + k. Calculate the highest common factor of 32 and q.
4
Let i(u) = -u + 16. Let r be i(4). What is the greatest common divisor of 6 and r?
6
Let h = 9 - 6. Suppose -2*i - h*i = -195. Calculate the greatest common divisor of 26 and i.
13
Suppose 0 = 3*a - 4*s - 0*s - 70, -5*a = -s - 111. Suppose w + a = -l + 5*w, w = 4. Let p = 15 + l. What is the greatest common divisor of p and 81?
9
Let y be (-75)/(-20) + (-3)/(-12). Let z = 1 + 3. What is the greatest common factor of y and z?
4
Let z(p) = 13*p. Let m be z(1). Let q be ((1 - 1) + m)/1. Suppose -5 = -2*v + q. Calculate the highest common divisor of v and 63.
9
Suppose 0 = n + 5*f - 180, 4*n + 3*f - 449 = 271. What is the highest common divisor of 20 and n?
20
Let q be ((-11)/(-2))/((-5)/(-30)). Suppose 0*w + q = 3*w. Let i = -25 + 113. Calculate the highest common divisor of w and i.
11
Suppose 2*q = 39 + 11. Suppose l + 5*i - q = 0, -4*i - 3 = l - 27. Suppose 0 = 5*u + 25, 0*u + 170 = 5*a - 4*u. What is the greatest common divisor of l and a?
10
Let f(b) = b**2 - 1. Let z = 2 + -7. Let p be f(z). Suppose 0 = 11*g - 8*g - 18. What is the highest common factor of p and g?
6
Suppose -w = 4*c - 440, 0 = w - 5*w - c + 1685. Suppose 2*s = -s + w. Calculate the greatest common divisor of s and 20.
20
Suppose -4*b + 720 = 11*b. Calculate the greatest common divisor of 32 and b.
16
Let v be 142/4 - 2/(-4). Suppose -u = -2 - 1. Suppose z + 8 = c, 19 = u*z + 7. Calculate the greatest common factor of c and v.
12
Let l be 32/(-40)*(-55)/2. Suppose 9 = 3*a + 45. Let n = a + l. Calculate the highest common divisor of n and 50.
10
Let y = 42 + -72. Let f be y*(-1)/((-12)/(-16)). Calculate the highest common factor of f and 16.
8
Let c = -36 - -37. What is the greatest common factor of 2 and c?
1
Suppose 4*q + 6 = q. Let o be 4/q - (-8)/4. Let y be 5*((-1)/(-1) + o). Calculate the greatest common factor of 55 and y.
5
Suppose -n + 27 = -93. Calculate the highest common divisor of n and 30.
30
Suppose 0 = 6*k - 49 + 13. Suppose 4*y = 2*y - 6. Let i = k + y. Calculate the highest common divisor of 1 and i.
1
Let g be 1 + (-1)/((-4)/80). What is the highest common factor of g and 3?
3
Suppose 6*f - 2*f + 1188 = 0. Let i be (f/44)/((-3)/8). What is the greatest common factor of 6 and i?
6
Suppose 5*s + d + 24 = 3*s, 3*s + 22 = 2*d. Let u = s + 21. Calculate the greatest common divisor of u and 44.
11
Let y be 1*-48*40/(-12). Calculate the highest common factor of y and 32.
32
Let k be 3 + 51/(-15) + 728/20. Let w be 1/((21/(-12))/(-7)). What is the greatest common divisor of w and k?
4
Suppose 63 + 134 = 3*b - 5*m, 2*b + 5*m - 123 = 0. What is the highest common factor of b and 8?
8
Let g be (-34)/(-51) - 985/(-3). Calculate the highest common factor of g and 47.
47
Let r = 0 - -1. Let z = r - -2. What is the greatest common factor of z and 12?
3
Let j be -2 + (0 + -5 - -17). What is the highest common divisor of 160 and j?
10
Let q(s) = -s**3 + 4*s**2 + 7*s - 3. Suppose 5 = 2*y - 5. Let p be q(y). Calculate the highest common factor of p and 63.
7
Suppose 0 = -2*f - 4*r + 96, f + r = -0*f + 51. Calculate the highest common factor of f and 18.
18
Suppose 0 = 4*h + 2 - 18. Suppose -h*v = -2*v. Suppose v = -3*b + 4*u + 44, -4*u = -b + 6 + 6. What is the highest common factor of 4 and b?
4
Suppose 0*x + 2*x + 33 = 5*w, w - 2 = 5*x. What is the greatest common factor of 35 and w?
7
Let l be (-1)/(-2) - (-47)/2. What is the greatest common factor of l and 192?
24
Suppose -7*i + 3*i = -864. Calculate the highest common factor of i and 27.
27
Let a = 0 - -99. Calculate the greatest common divisor of 9 and a.
9
Let d = -51 - -58. What is the highest common divisor of 49 and d?
7
Suppose 4*v - 2*t - t - 22 = 0, t + 2 = 0. What is the highest common divisor of 8 and v?
4
Let f = -75 - -89. Calculate the greatest common divisor of 112 and f.
14
Let t(a) = 2*a**2 - a - 4. Let k be t(-2). What is the highest common divisor of 10 and k?
2
Let s(d) = -d**3 + 3*d**2 - d. Let x be s(2). Let p be -10 + 11 + x + 0. Calculate the highest common factor of 6 and p.
3
Let h = -9 + 12. What is the greatest common factor of h and 2?
1
Let n be (2 - 1) + -2*(-131)/2. What is the greatest common factor of 12 and n?
12
Let z(b) = b**3 + 6*b**2 + 5*b + 6. Let q be z(-6). Let d = 3 - q. Suppose d = k - 50. What is the highest common divisor of 7 and k?
7
Suppose m + 5*w - 41 = 0, -3*m + 43 = -m - 3*w. Calculate the highest common divisor of m and 130.
26
Suppose 0 = -14*v + 9*v - 20. Let t = 12 + v. Calculate the highest common divisor of 32 and t.
8
Suppose 0 = u - 0*u - 9. Let w = 12 - u. Suppose 0*d + 51 = w*d. Calculate the greatest common factor of d and 68.
17
Let t(g) = g**3 + g**2 + 3. Let f be t(0). Suppose -5*z = -6*z + 21. What is the highest common divisor of z and f?
3
Suppose 2*z = -z. Suppose 0 = 3*s + 2*q - 7, -4*s + q + q + 14 = z. Suppose 0*b + s*b = 18. What is the highest common divisor of b and 48?
6
Let a = 3 - 1. Let o be a/(4/(1*12)). What is the grea